{"id":6,"date":"2014-11-24T12:41:48","date_gmt":"2014-11-24T11:41:48","guid":{"rendered":"http:\/\/malinnordlund.se\/portfolio\/web?page_id=6"},"modified":"2023-04-02T09:17:40","modified_gmt":"2023-04-02T07:17:40","slug":"about","status":"publish","type":"page","link":"https:\/\/malinnordlund.se\/portfolio\/about\/","title":{"rendered":"About"},"content":{"rendered":"<section class=\"wpb-content-wrapper\">[vc_row thb_full_width=&#8221;true&#8221; thb_divider_position=&#8221;bottom&#8221; el_class=&#8221;height-60&#8243; css=&#8221;.vc_custom_1646389261572{background-image: url(https:\/\/malinnordlund.se\/portfolio\/wp-content\/uploads\/2022\/03\/malin-scaled.jpg?id=1786) !important;background-position: center !important;background-repeat: no-repeat !important;background-size: cover !important;}&#8221;][vc_column][\/vc_column][\/vc_row][vc_row thb_full_width=&#8221;true&#8221; content_placement=&#8221;top&#8221; thb_divider_position=&#8221;bottom&#8221; css=&#8221;.vc_custom_1646388272196{background-color: #000026 !important;}&#8221;][vc_column css=&#8221;.vc_custom_1646387656084{background-color: #000026 !important;}&#8221;][vc_row_inner thb_max_width=&#8221;max_width&#8221; el_class=&#8221;padded-row&#8221;][vc_column_inner el_class=&#8221;large-padding-div&#8221;][vc_column_text el_class=&#8221;white&#8221;]\n<h3 class=\"p1\">Jag \u00e4r en utbildad AD\/formgivare med 15 \u00e5rs erfarenhet i branschen och <span class=\"s2\">som de senaste 12 \u00e5ren arbetat som frilansare. <\/span>Jag har erfarenhet b\u00e5de av att ensam ta en design fr\u00e5n koncept <span class=\"s2\">till f\u00e4rdig produkt och att vara ett par extra h\u00e4nder n\u00e4r <\/span><span class=\"s3\">det beh\u00f6vs, och jag trivs v\u00e4ldigt bra i b\u00e5da rollerna.<\/span><\/h3>\n<h6 class=\"p1\" style=\"text-align: center;\"><span class=\"s1\"><b>Frilans<\/b><\/span><\/h6>\n<p class=\"p2\"><span class=\"s1\"><b>Som frilansande AD\/formgivare\/originalare<\/b> \u00e4r jag van att kasta mig in i nya projekt och jag r\u00f6r mig l\u00e4tt mellan olika profiler och formspr\u00e5k. Under de senaste \u00e5ren har jag haft en del l\u00e4ngre uppdrag f\u00f6r <i>Apotek Hj\u00e4rtat<\/i>, <i>Fillauer<\/i> och <i>Kunskapskraft &amp; Media<\/i>, men jag har \u00e4ven hoppat in f\u00f6r kortare uppdrag p\u00e5 bl.a <i>Santander Consumer Bank, Rexel <\/i>och <i>Onemotion IMC<\/i>.<\/span><\/p>\n<p class=\"p2\"><span class=\"s1\"><b>Som frilansare har jag tacklat allt fr\u00e5n<\/b> att ensam ansvara f\u00f6r grafiskt framtagande av butiksskyltar och v\u00e4ggar till hundratals apotek till att ta fram formspr\u00e5k f\u00f6r nya l\u00e4rosatsningar samt g\u00f6ra original f\u00f6r gigantiska monterv\u00e4ggar.<\/span><\/p>\n<p class=\"p2\"><span class=\"s1\"><b>Jag \u00e4r sj\u00e4lvg\u00e5ende och kommer l\u00e4tt in i arbetet<\/b> och jag l\u00e4gger stor vikt vid att bli en del i teamet \u00e4ven vid kortare uppdrag.<\/span><\/p>\n<h6 class=\"p1\" style=\"text-align: center;\"><span class=\"s1\"><b>Art director<\/b><\/span><\/h6>\n<p class=\"p2\"><span class=\"s1\"><b>Som art director och formgivare<\/b> jobbar jag direkt med kunder som beh\u00f6ver hj\u00e4lp att ta fram grafiska profiler, logotyper, olika typer av tryckmaterial och hemsidor.<\/span><\/p>\n<p class=\"p2\"><span class=\"s1\"><b>I min form utg\u00e5r jag alltid fr\u00e5n kunden<\/b> och den identitet som deras f\u00f6retag eller organisation st\u00e5r f\u00f6r. Den slutgiltiga designen blir resultatet av en resa som jag g\u00f6r tillsammans med kunden d\u00e4r formen utg\u00e5r fr\u00e5n ett tydligt koncept som sedan genomsyrar alla uttryck.<\/span><\/p>\n<p class=\"p2\"><span class=\"s1\"><b>Under de senaste \u00e5ren har jag arbetat med<\/b> bl.a <i>RichZone AB<\/i>,<i> McPherson ERI(USA)<\/i>, <i>Caravel Group(Australien)<\/i>, <i>Creative Hub STHLM <\/i>och Go <i>BeActive. <\/i>Jag \u00e4lskar att g\u00f6ra dessa resor d\u00e4r jag f\u00e5r s\u00e4tta mig in i nya branscher, f\u00f6rst\u00e5 en kunds vision och sedan f\u00f6rverkliga den i ett grafiskt uttryck.<\/span><\/p>\n<h6 class=\"p1\" style=\"text-align: center;\"><span class=\"s1\"><b>Illustrat\u00f6r<\/b><\/span><\/h6>\n<p class=\"p2\"><span class=\"s1\"><b>Som illustrat\u00f6r \u00e4lskar jag att skapa atmosf\u00e4riska bilder<\/b>. I mina bilder vill jag trigga m\u00e4nniskors k\u00e4nslor och jag \u00e4lskar att skapa mystik och jobbar g\u00e4rna med starka kontraster och f\u00e4rger och ljuss\u00e4ttningar.<\/span><\/p>\n<p class=\"p2\"><span class=\"s1\"><b>Under de senaste 6 \u00e5ren har jag skapat omslagsbilder<\/b> f\u00f6r McPherson ERI i Madison Wisconsins \u00e5rliga kalendrar och \u00e5rsrapporter. Bilderna har f\u00f6ljt olika teman som<i> &#8221;Gene Editing&#8221;<\/i> och <i>&#8221;Photoreceptor Farming&#8221;. F\u00f6r RichZone AB\u00a0<\/i>tog jag, i samband med arbetet med deras profil, fram en rad illustrationer som hj\u00e4lpte till att st\u00e4rka deras budskap runt ledarskap.<\/span><\/p>\n<p class=\"p2\"><span class=\"s1\"><b>F\u00f6rutom dessa mer abstrakta och dramatiska bilder<\/b> har jag tagit fram info-grafik f\u00f6r kunder som<i>, Baxter Healthcare<\/i>, <i>Marketstrat (Australien), Caravel group <\/i>och <i>Stockholms Universitet. <\/i>Att skapa info-grafik tilltalar min organisatoriska och pedagogiska sida.<\/span><\/p>\n<h6 style=\"text-align: center;\">BAKGRUND<\/h6>\n<p class=\"p1\"><span class=\"s1\"><b>Jag utbildade mig<\/b><\/span><span class=\"s2\"> inom grafisk form och kommunikation vid <\/span><span class=\"s1\"><i>Billy Blue School <\/i><\/span><span class=\"s3\"><i>of Graphic Arts<\/i><\/span> i Sydney<b> <\/b>d\u00e4r jag tog en<span class=\"s4\"> kandidatexamen i Communication Design. Skolan r\u00e4knas som den fr\u00e4msta designskolan i Australien, och \u00e4r den skola som Berghs har utbyte med.<span class=\"Apple-converted-space\">\u00a0<\/span><\/span><\/p>\n<p class=\"p2\"><span class=\"s5\"><b>Direkt efter mina studier fick jag anst\u00e4llning <\/b><\/span>som grafisk formgivare p\u00e5 CMC d\u00e4r jag jobbade i tv\u00e5 \u00e5r. Efter 5 \u00e5r<span class=\"Apple-converted-space\"> \u00a0<\/span>i Australien flyttade jag till Thailand d\u00e4r jag under 2 \u00e5rs tid varvade designjobb med dykning.<\/p>\n<p class=\"p2\"><span class=\"s6\"><b>Nu har jag flyttat hem igen <\/b><\/span><span class=\"s4\">och njuter av att vara i Sverige. Jag driver ett AB d\u00e4r jag har kunder i Sverige, Australien, Thailand och USA, men d\u00e5 dessa kunders uppdrag inte \u00e4r konstanta, tar jag g\u00e4rna ocks\u00e5 kortare eller l\u00e4ngre uppdrag p\u00e5 byr\u00e5er eller inhouse. Detta vill jag ocks\u00e5 g\u00e4rna g\u00f6ra d\u00e5 jag \u00e4r en social person som njuter av att inspireras av andra m\u00e4nniskor.<span class=\"Apple-converted-space\">\u00a0<\/span><\/span><\/p>\n<p class=\"p2\"><span class=\"s5\"><b>Jag \u00e4lskar mitt jobb, <\/b><\/span>dels f\u00f6r att det ger mig m\u00f6jligheten att bli introducerad till s\u00e5 m\u00e5nga olika yrkesomr\u00e5den, i varje nytt jobb f\u00e5r jag s\u00e4tta mig in i en ny bransch, ny m\u00e5lgrupp och en ny kommunikation. Jag \u00e4r ocks\u00e5 bra p\u00e5 att lyssna, och jag \u00e4lskar utmaningen att f\u00f6rs\u00f6ka f\u00f6rst\u00e5 en persons\/f\u00f6retags vision och sedan f\u00f6rvandla den till ett grafiskt uttryck.<span class=\"Apple-converted-space\">\u00a0<\/span><\/p>\n<p class=\"p2\"><span class=\"s5\"><b>Som person \u00e4r jag <\/b><\/span>ansvarsfull, ambiti\u00f6s, effektiv och m\u00e5lmedveten. Jag \u00e4r en probleml\u00f6sande team player och \u00e4r v\u00e4ldigt m\u00e5n om att g\u00f6ra ett bra jobb. <span class=\"Apple-converted-space\">\u00a0<\/span><\/p>\n<h5 class=\"p5\"><span class=\"s4\">Det skulle vara j\u00e4tteroligt att f\u00e5 tillf\u00e4llet att jobba tillsammans och hoppas h\u00f6ra ifr\u00e5n er snart!<\/span><\/h5>\n[\/vc_column_text][\/vc_column_inner][\/vc_row_inner][\/vc_column][\/vc_row][vc_row thb_divider_position=&#8221;bottom&#8221; css=&#8221;.vc_custom_1646383826186{padding-top: 30px !important;}&#8221;][vc_column][vc_column_text]\n<h5 style=\"text-align: center;\">Omd\u00f6men fr\u00e5n mina kunder<\/h5>\n[\/vc_column_text][\/vc_column][\/vc_row][vc_row thb_full_width=&#8221;true&#8221; thb_row_padding=&#8221;true&#8221; thb_column_padding=&#8221;true&#8221; parallax=&#8221;content-moving&#8221; parallax_speed_bg=&#8221;1.2&#8243; thb_divider_position=&#8221;bottom&#8221; css=&#8221;.vc_custom_1646390256654{background-color: #000026 !important;}&#8221;][vc_column el_id=&#8221;reviews&#8221;][vc_empty_space height=&#8221;50&#8243;]\t<div id=\"thb-testimonials-31\" class=\"thb-testimonials slick style1  \" data-columns=\"1\" data-pagination=\"true\"\n\t\t\t\t\t\t\t\t\t\t\t\t\tdata-fade=\"true\" data-autoplay=\"true\" data-autoplay-speed=\"4000\">\n\t\t\t<div class=\"thb-testimonial\">\n\t\t<blockquote><p><b>Malin hj\u00e4lpte oss att uppdatera branding f\u00f6r ett av v\u00e5ra l\u00e4kemedel.<\/b> Hon gav produkten en ny, modern och fr\u00e4sch look som helt \u00f6verrensst\u00e4mde med hur jag ville att produkten skulle uppfattas. Malin \u00e4r professionell, kreativ och har en underlig f\u00f6rm\u00e5ga att veta vad jag vill innan jag sj\u00e4lv g\u00f6r det. Ett sant n\u00f6je att arbeta med. Jag rekommenderar varmt Malin.<\/p>\n<\/blockquote>\n\t\t\t\t\t\t\t\t<div>\n\t\t\t\t<cite>Anna Trygg<\/cite>\n\t\t\t<span class=\"title\">Product manager \/ Nutropin AQ\/ IPSEN<\/span>\n\t\t\t<\/div>\n\t\t\t<\/div>\n\t\t<div class=\"thb-testimonial\">\n\t\t<blockquote><p><b>Malin\u00b4s enormous creativity with words and images has transformed RichZone\u00b4s vision to shine clearer to the outside world.<\/b> Malin is great at listening and from that she is able to use her creativity to fuel any company identity. She is very much a part of our team and the instant feeling when you work with her is that she really cares. Together with Malin our company stand a better chance to make the world a better place through leadership development.<\/p>\n<\/blockquote>\n\t\t\t\t\t\t\t\t<div>\n\t\t\t\t<cite>Richard Richthoff<\/cite>\n\t\t\t<span class=\"title\">Founder &amp; Coach \/ RichZone<\/span>\n\t\t\t<\/div>\n\t\t\t<\/div>\n\t\t<div class=\"thb-testimonial\">\n\t\t<blockquote><p><b>Malin \u00e4r en formidabel resurs.<\/b> Ofta har hon fullt upp n\u00e4r jag h\u00f6r av mig, men hon \u00e4r s\u00e5 snabb att hon hittills alltid l\u00f6st situationen \u00e5t oss - utan att g\u00f6ra avkall p\u00e5 vare sig kvalitet eller precision. Det kanske \u00e4r hennes snabba fotarbete som g\u00f6r att \u00e4ven fakturan brukar bli en positiv upplevelse.<\/p>\n<\/blockquote>\n\t\t\t\t\t\t\t\t<div>\n\t\t\t\t<cite>Cilla Winberg<\/cite>\n\t\t\t<span class=\"title\">Produktionsledare - One Motion<\/span>\n\t\t\t<\/div>\n\t\t\t<\/div>\n\t\t<div class=\"thb-testimonial\">\n\t\t<blockquote><p><b>Malin Nordlund hj\u00e4lpte mig och min avdelning med produktion av kataloger och kampanjer under en produktionstopp under n\u00e5gra veckor.<\/b> Hon kom direkt in i jobbet \u2013 mycket v\u00e4rdefullt i ett kritiskt l\u00e4ge d\u00e4r i princip ingen tid fanns till introduktion. Malin har en stor grafisk kompetens, b\u00e5de n\u00e4r det g\u00e4ller kreativ h\u00f6jd och f\u00f6rm\u00e5ga att h\u00e5lla sig inom ramar f\u00f6r grafiska riktlinjer. Andra utm\u00e4rkande egenskaper hos Malin \u00e4r ordning och reda, effektivt arbetss\u00e4tt och att hon \u00e4r sj\u00e4lvg\u00e5ende. Malin har ocks\u00e5 stor social kompetens, och blev p\u00e5 denna korta tid en i gemenskapen, en kollega att lita p\u00e5. Beh\u00f6ver jag i framtiden st\u00f6ttning med kompetens eller hj\u00e4lp med produktion kommer jag att fr\u00e5ga Malin igen. Jag rekommenderar verkligen Malin till byr\u00e5er eller marknadsavdelningar som beh\u00f6ver professionell hj\u00e4lp med produktion och formgivning<\/p>\n<\/blockquote>\n\t\t\t\t\t\t\t\t<div>\n\t\t\t\t<cite>Monia R\u00e5holm<\/cite>\n\t\t\t<span class=\"title\">Marknadskommunikationschef \/ Rexel Sverige AB<\/span>\n\t\t\t<\/div>\n\t\t\t<\/div>\n\t\t<div class=\"thb-testimonial\">\n\t\t<blockquote><p><b>Malin \u00e4r professionell, glad och flexibel. <\/b>Det \u00e4r enkelt att arbeta tillsammans med Malin och man kan vara s\u00e4ker p\u00e5 att hon levererar p\u00e5 de uppgifter hon tar sig an. Alla sorters uppdrag hon utf\u00f6rt har hon gjort noggrant och snabbt och med ett resultatet som var b\u00e4ttre \u00e4n f\u00f6rv\u00e4ntat. Hon har en bred kunskap och erfarenhet av kommunikation och grafisk form. Som person \u00e4r hon lugn och \u00f6dmjuk och hennes positiva attityd smittar av sig.<\/p>\n<\/blockquote>\n\t\t\t\t\t\t\t\t<div>\n\t\t\t\t<cite>Susanne Kaplun<\/cite>\n\t\t\t<span class=\"title\">Produktionsledare\/ Santander Consumer Bank<\/span>\n\t\t\t<\/div>\n\t\t\t<\/div>\n\t\t<div class=\"thb-testimonial\">\n\t\t<blockquote><p><b>Malin, your work is absolutely fantastic!<\/b>You are the first graphic designer I have worked with that can CLEARLY take abstract concept descriptions and visualise them in graphic form. Your ability to deliver graphics in many technological forms and formats and in resonable timeframes is outstanding.\u2028All all of my clients that have seen your work are amazed at how quickly you ``get it`` when it comes to delivering to expectations. From Graphics to websites, newsletters and beyond. Your work is exemplary, Thank you and we will be in touch again.<\/p>\n<\/blockquote>\n\t\t\t\t\t\t\t\t<div>\n\t\t\t\t<cite>Chris Rowan<\/cite>\n\t\t\t<span class=\"title\">Development Manager \/ Caravel Group<\/span>\n\t\t\t<\/div>\n\t\t\t<\/div>\n\t\t<div class=\"thb-testimonial\">\n\t\t<blockquote><p><b>Malin is the easiest person to work with and she does excellent work! <\/b>I am very pleased with the designs she developed and how she interpreted and personalised the key messages I wanted to promote to visitors to my web site www.marketstrat.com.au I will let you be the judge.<\/p>\n<\/blockquote>\n\t\t\t\t\t\t\t\t<div>\n\t\t\t\t<cite>Hugh Williams<\/cite>\n\t\t\t<span class=\"title\">Director \/ Owner \/ Marketstrat PTY LTD<\/span>\n\t\t\t<\/div>\n\t\t\t<\/div>\n\t\t<\/div>\n\t[\/vc_column][\/vc_row][vc_row thb_divider_position=&#8221;bottom&#8221; css=&#8221;.vc_custom_1646383826186{padding-top: 30px !important;}&#8221;][vc_column][vc_column_text]\n<h5 style=\"text-align: center;\">Ett urval av kunder som jag jobbat f\u00f6r<\/h5>\n[\/vc_column_text][\/vc_column][\/vc_row][vc_row thb_full_width=&#8221;true&#8221; thb_row_padding=&#8221;true&#8221; thb_column_padding=&#8221;true&#8221; parallax=&#8221;content-moving&#8221; parallax_speed_bg=&#8221;1.2&#8243; thb_divider_position=&#8221;bottom&#8221; css=&#8221;.vc_custom_1646384687172{background-color: #ffffff !important;}&#8221;][vc_column][vc_images_carousel images=&#8221;1728,1729,1730,1731,1732,1733,1734,1735,1736,1737,1738,1739&#8243; img_size=&#8221;full&#8221; onclick=&#8221;link_no&#8221; slides_per_view=&#8221;6&#8243; autoplay=&#8221;yes&#8221; hide_prev_next_buttons=&#8221;yes&#8221;][\/vc_column][\/vc_row]\n<\/section>","protected":false},"excerpt":{"rendered":"<p>[vc_row thb_full_width=&#8221;true&#8221; thb_divider_position=&#8221;bottom&#8221; el_class=&#8221;height-60&#8243; css=&#8221;.vc_custom_1646389261572{background-image: url(https:\/\/malinnordlund.se\/portfolio\/wp-content\/uploads\/2022\/03\/malin-scaled.jpg?id=1786) !important;background-position: center !important;background-repeat: no-repeat !important;background-size: cover !important;}&#8221;][vc_column][\/vc_column][\/vc_row][vc_row thb_full_width=&#8221;true&#8221; content_placement=&#8221;top&#8221; thb_divider_position=&#8221;bottom&#8221; css=&#8221;.vc_custom_1646388272196{background-color: #000026 !important;}&#8221;][vc_column css=&#8221;.vc_custom_1646387656084{background-color: #000026 !important;}&#8221;][vc_row_inner thb_max_width=&#8221;max_width&#8221; el_class=&#8221;padded-row&#8221;][vc_column_inner el_class=&#8221;large-padding-div&#8221;][vc_column_text el_class=&#8221;white&#8221;] Jag \u00e4r en utbildad AD\/formgivare med 15 \u00e5rs erfarenhet i branschen och som de senaste 12 \u00e5ren arbetat som frilansare. Jag har erfarenhet b\u00e5de av att ensam ta en&hellip;<\/p>\n","protected":false},"author":1,"featured_media":0,"parent":0,"menu_order":0,"comment_status":"closed","ping_status":"closed","template":"","meta":{"_exactmetrics_skip_tracking":false,"_exactmetrics_sitenote_active":false,"_exactmetrics_sitenote_note":"","_exactmetrics_sitenote_category":0,"footnotes":""},"class_list":["post-6","page","type-page","status-publish","hentry"],"_links":{"self":[{"href":"https:\/\/malinnordlund.se\/portfolio\/wp-json\/wp\/v2\/pages\/6","targetHints":{"allow":["GET"]}}],"collection":[{"href":"https:\/\/malinnordlund.se\/portfolio\/wp-json\/wp\/v2\/pages"}],"about":[{"href":"https:\/\/malinnordlund.se\/portfolio\/wp-json\/wp\/v2\/types\/page"}],"author":[{"embeddable":true,"href":"https:\/\/malinnordlund.se\/portfolio\/wp-json\/wp\/v2\/users\/1"}],"replies":[{"embeddable":true,"href":"https:\/\/malinnordlund.se\/portfolio\/wp-json\/wp\/v2\/comments?post=6"}],"version-history":[{"count":97,"href":"https:\/\/malinnordlund.se\/portfolio\/wp-json\/wp\/v2\/pages\/6\/revisions"}],"predecessor-version":[{"id":1868,"href":"https:\/\/malinnordlund.se\/portfolio\/wp-json\/wp\/v2\/pages\/6\/revisions\/1868"}],"wp:attachment":[{"href":"https:\/\/malinnordlund.se\/portfolio\/wp-json\/wp\/v2\/media?parent=6"}],"curies":[{"name":"wp","href":"https:\/\/api.w.org\/{rel}","templated":true}]}}